{"id":1925,"date":"2021-07-29T15:40:28","date_gmt":"2021-07-29T12:40:28","guid":{"rendered":"https:\/\/bazaochi.md\/?page_id=1925"},"modified":"2021-08-06T14:43:21","modified_gmt":"2021-08-06T11:43:21","slug":"dosare-de-mostenire","status":"publish","type":"page","link":"https:\/\/bazaochi.md\/?page_id=1925","title":{"rendered":"Dosare de mostenire"},"content":{"rendered":"\t\t<div data-elementor-type=\"wp-page\" data-elementor-id=\"1925\" class=\"elementor elementor-1925\" data-elementor-settings=\"[]\">\n\t\t\t\t\t\t\t<div class=\"elementor-section-wrap\">\n\t\t\t\t\t\t\t<section class=\"elementor-section elementor-top-section elementor-element elementor-element-1e301860 elementor-section-stretched elementor-section-boxed elementor-section-height-default elementor-section-height-default\" data-id=\"1e301860\" data-element_type=\"section\" data-settings=\"{&quot;background_background&quot;:&quot;gradient&quot;,&quot;stretch_section&quot;:&quot;section-stretched&quot;}\">\n\t\t\t\t\t\t<div class=\"elementor-container elementor-column-gap-wide\">\n\t\t\t\t\t<div class=\"elementor-column elementor-col-100 elementor-top-column elementor-element elementor-element-dc746d2\" data-id=\"dc746d2\" data-element_type=\"column\">\n\t\t\t<div class=\"elementor-widget-wrap elementor-element-populated\">\n\t\t\t\t\t\t\t\t<div class=\"elementor-element elementor-element-8767d41 elementor-widget-divider--view-line elementor-widget elementor-widget-divider\" data-id=\"8767d41\" data-element_type=\"widget\" data-widget_type=\"divider.default\">\n\t\t\t\t<div class=\"elementor-widget-container\">\n\t\t\t\t\t<div class=\"elementor-divider\">\n\t\t\t<span class=\"elementor-divider-separator\">\n\t\t\t\t\t\t<\/span>\n\t\t<\/div>\n\t\t\t\t<\/div>\n\t\t\t\t<\/div>\n\t\t\t\t<div class=\"elementor-element elementor-element-299c41cd elementor-widget elementor-widget-heading\" data-id=\"299c41cd\" data-element_type=\"widget\" data-widget_type=\"heading.default\">\n\t\t\t\t<div class=\"elementor-widget-container\">\n\t\t\t<p class=\"elementor-heading-title elementor-size-default\">Dosare de mo\u0219tenire deschise la notarul ANDREI BAZAOCHI<\/p>\t\t<\/div>\n\t\t\t\t<\/div>\n\t\t\t\t<div class=\"elementor-element elementor-element-38556ce7 elementor-widget elementor-widget-heading\" data-id=\"38556ce7\" data-element_type=\"widget\" data-widget_type=\"heading.default\">\n\t\t\t\t<div class=\"elementor-widget-container\">\n\t\t\t<p class=\"elementor-heading-title elementor-size-default\">publicarea este bazat\u0103 pe art.71 din Legea nr.246 din 15.11.2018<\/p>\t\t<\/div>\n\t\t\t\t<\/div>\n\t\t\t\t<div class=\"elementor-element elementor-element-23cde9a elementor-widget elementor-widget-heading\" data-id=\"23cde9a\" data-element_type=\"widget\" data-widget_type=\"heading.default\">\n\t\t\t\t<div class=\"elementor-widget-container\">\n\t\t\t<p class=\"elementor-heading-title elementor-size-default\"><a href=\"https:\/\/bazaochi.md\/?page_id=2583\">P\u00een\u0103 la 1 martie 2019 >>><\/a><\/p>\t\t<\/div>\n\t\t\t\t<\/div>\n\t\t\t\t<div class=\"elementor-element elementor-element-fe134fc elementor-widget elementor-widget-heading\" data-id=\"fe134fc\" data-element_type=\"widget\" data-widget_type=\"heading.default\">\n\t\t\t\t<div class=\"elementor-widget-container\">\n\t\t\t<p class=\"elementor-heading-title elementor-size-default\">De la 1 martie 2019:<\/p>\t\t<\/div>\n\t\t\t\t<\/div>\n\t\t\t\t<div class=\"elementor-element elementor-element-2735eb6 elementor-widget-divider--view-line elementor-widget elementor-widget-divider\" data-id=\"2735eb6\" data-element_type=\"widget\" data-widget_type=\"divider.default\">\n\t\t\t\t<div class=\"elementor-widget-container\">\n\t\t\t\t\t<div class=\"elementor-divider\">\n\t\t\t<span class=\"elementor-divider-separator\">\n\t\t\t\t\t\t<\/span>\n\t\t<\/div>\n\t\t\t\t<\/div>\n\t\t\t\t<\/div>\n\t\t\t\t<div class=\"elementor-element elementor-element-b0dded5 elementor-grid-4 elementor-posts--thumbnail-none elementor-posts--align-center elementor-grid-tablet-2 elementor-grid-mobile-1 elementor-widget elementor-widget-posts\" data-id=\"b0dded5\" data-element_type=\"widget\" data-settings=\"{&quot;classic_columns&quot;:&quot;4&quot;,&quot;classic_row_gap&quot;:{&quot;unit&quot;:&quot;px&quot;,&quot;size&quot;:50,&quot;sizes&quot;:[]},&quot;classic_columns_tablet&quot;:&quot;2&quot;,&quot;classic_columns_mobile&quot;:&quot;1&quot;}\" data-widget_type=\"posts.classic\">\n\t\t\t\t<div class=\"elementor-widget-container\">\n\t\t\t\t\t<div class=\"elementor-posts-container elementor-posts elementor-posts--skin-classic elementor-grid\">\n\t\t\t\t<article class=\"elementor-post elementor-grid-item post-3175 post type-post status-publish format-standard hentry category-mostenire entry\">\n\t\t\t\t<div class=\"elementor-post__text\">\n\t\t\t\t<span class=\"elementor-post__title\">\n\t\t\t<a href=\"https:\/\/bazaochi.md\/?p=3175\" >\n\t\t\t\tSOLOVIOV Victor\t\t\t<\/a>\n\t\t<\/span>\n\t\t\t\t<\/div>\n\t\t\t\t<\/article>\n\t\t\t\t<article class=\"elementor-post elementor-grid-item post-3172 post type-post status-publish format-standard hentry category-mostenire entry\">\n\t\t\t\t<div class=\"elementor-post__text\">\n\t\t\t\t<span class=\"elementor-post__title\">\n\t\t\t<a href=\"https:\/\/bazaochi.md\/?p=3172\" >\n\t\t\t\tCECOI Tatiana\t\t\t<\/a>\n\t\t<\/span>\n\t\t\t\t<\/div>\n\t\t\t\t<\/article>\n\t\t\t\t<article class=\"elementor-post elementor-grid-item post-3170 post type-post status-publish format-standard hentry category-mostenire entry\">\n\t\t\t\t<div class=\"elementor-post__text\">\n\t\t\t\t<span class=\"elementor-post__title\">\n\t\t\t<a href=\"https:\/\/bazaochi.md\/?p=3170\" >\n\t\t\t\tCabac Valentina\t\t\t<\/a>\n\t\t<\/span>\n\t\t\t\t<\/div>\n\t\t\t\t<\/article>\n\t\t\t\t<article class=\"elementor-post elementor-grid-item post-3153 post type-post status-publish format-standard hentry category-mostenire entry\">\n\t\t\t\t<div class=\"elementor-post__text\">\n\t\t\t\t<span class=\"elementor-post__title\">\n\t\t\t<a href=\"https:\/\/bazaochi.md\/?p=3153\" >\n\t\t\t\tCLIMA Nadejda\t\t\t<\/a>\n\t\t<\/span>\n\t\t\t\t<\/div>\n\t\t\t\t<\/article>\n\t\t\t\t<article class=\"elementor-post elementor-grid-item post-3150 post type-post status-publish format-standard hentry category-mostenire entry\">\n\t\t\t\t<div class=\"elementor-post__text\">\n\t\t\t\t<span class=\"elementor-post__title\">\n\t\t\t<a href=\"https:\/\/bazaochi.md\/?p=3150\" >\n\t\t\t\tDADU Victoria\t\t\t<\/a>\n\t\t<\/span>\n\t\t\t\t<\/div>\n\t\t\t\t<\/article>\n\t\t\t\t<article class=\"elementor-post elementor-grid-item post-3146 post type-post status-publish format-standard hentry category-mostenire entry\">\n\t\t\t\t<div class=\"elementor-post__text\">\n\t\t\t\t<span class=\"elementor-post__title\">\n\t\t\t<a href=\"https:\/\/bazaochi.md\/?p=3146\" >\n\t\t\t\tMONAST\u00ceRLI Andrei\t\t\t<\/a>\n\t\t<\/span>\n\t\t\t\t<\/div>\n\t\t\t\t<\/article>\n\t\t\t\t<article class=\"elementor-post elementor-grid-item post-3142 post type-post status-publish format-standard hentry category-mostenire entry\">\n\t\t\t\t<div class=\"elementor-post__text\">\n\t\t\t\t<span class=\"elementor-post__title\">\n\t\t\t<a href=\"https:\/\/bazaochi.md\/?p=3142\" >\n\t\t\t\tCARPOVA Galina\t\t\t<\/a>\n\t\t<\/span>\n\t\t\t\t<\/div>\n\t\t\t\t<\/article>\n\t\t\t\t<article class=\"elementor-post elementor-grid-item post-3133 post type-post status-publish format-standard hentry category-mostenire entry\">\n\t\t\t\t<div class=\"elementor-post__text\">\n\t\t\t\t<span class=\"elementor-post__title\">\n\t\t\t<a href=\"https:\/\/bazaochi.md\/?p=3133\" >\n\t\t\t\tDOBROVOLSCHI Victor\t\t\t<\/a>\n\t\t<\/span>\n\t\t\t\t<\/div>\n\t\t\t\t<\/article>\n\t\t\t\t<article class=\"elementor-post elementor-grid-item post-3130 post type-post status-publish format-standard hentry category-mostenire entry\">\n\t\t\t\t<div class=\"elementor-post__text\">\n\t\t\t\t<span class=\"elementor-post__title\">\n\t\t\t<a href=\"https:\/\/bazaochi.md\/?p=3130\" >\n\t\t\t\t\u021aVETCOVA Efrosinia\t\t\t<\/a>\n\t\t<\/span>\n\t\t\t\t<\/div>\n\t\t\t\t<\/article>\n\t\t\t\t<article class=\"elementor-post elementor-grid-item post-3034 post type-post status-publish format-standard hentry category-mostenire entry\">\n\t\t\t\t<div class=\"elementor-post__text\">\n\t\t\t\t<span class=\"elementor-post__title\">\n\t\t\t<a href=\"https:\/\/bazaochi.md\/?p=3034\" >\n\t\t\t\tSAL\u021a\u00ceN Victor\t\t\t<\/a>\n\t\t<\/span>\n\t\t\t\t<\/div>\n\t\t\t\t<\/article>\n\t\t\t\t<article class=\"elementor-post elementor-grid-item post-3032 post type-post status-publish format-standard hentry category-mostenire entry\">\n\t\t\t\t<div class=\"elementor-post__text\">\n\t\t\t\t<span class=\"elementor-post__title\">\n\t\t\t<a href=\"https:\/\/bazaochi.md\/?p=3032\" >\n\t\t\t\tJORA Lilia\t\t\t<\/a>\n\t\t<\/span>\n\t\t\t\t<\/div>\n\t\t\t\t<\/article>\n\t\t\t\t<article class=\"elementor-post elementor-grid-item post-3030 post type-post status-publish format-standard hentry category-mostenire entry\">\n\t\t\t\t<div class=\"elementor-post__text\">\n\t\t\t\t<span class=\"elementor-post__title\">\n\t\t\t<a href=\"https:\/\/bazaochi.md\/?p=3030\" >\n\t\t\t\tTRUBCA Petru\t\t\t<\/a>\n\t\t<\/span>\n\t\t\t\t<\/div>\n\t\t\t\t<\/article>\n\t\t\t\t<\/div>\n\t\t\t\t<nav class=\"elementor-pagination\" role=\"navigation\" aria-label=\"Pagination\">\n\t\t\t<span aria-current=\"page\" class=\"page-numbers current\"><span class=\"elementor-screen-only\">Page<\/span>1<\/span>\n<a class=\"page-numbers\" href=\"https:\/\/bazaochi.md\/index.php\/?paged=2&#038;rest_route=%2Fwp%2Fv2%2Fpages%2F1925\"><span class=\"elementor-screen-only\">Page<\/span>2<\/a>\n<a class=\"page-numbers\" href=\"https:\/\/bazaochi.md\/index.php\/?paged=3&#038;rest_route=%2Fwp%2Fv2%2Fpages%2F1925\"><span class=\"elementor-screen-only\">Page<\/span>3<\/a>\n<a class=\"page-numbers\" href=\"https:\/\/bazaochi.md\/index.php\/?paged=4&#038;rest_route=%2Fwp%2Fv2%2Fpages%2F1925\"><span class=\"elementor-screen-only\">Page<\/span>4<\/a>\n<a class=\"page-numbers\" href=\"https:\/\/bazaochi.md\/index.php\/?paged=5&#038;rest_route=%2Fwp%2Fv2%2Fpages%2F1925\"><span class=\"elementor-screen-only\">Page<\/span>5<\/a>\t\t<\/nav>\n\t\t\t\t<\/div>\n\t\t\t\t<\/div>\n\t\t\t\t\t<\/div>\n\t\t<\/div>\n\t\t\t\t\t\t\t<\/div>\n\t\t<\/section>\n\t\t\t\t\t\t<\/div>\n\t\t\t\t\t<\/div>\n\t\t","protected":false},"excerpt":{"rendered":"<p>Dosare de mo\u0219tenire deschise la notarul ANDREI BAZAOCHI publicarea este bazat\u0103 pe art.71 din Legea nr.246 din 15.11.2018 P\u00een\u0103 la 1 martie 2019 >>> De<\/p>\n","protected":false},"author":1,"featured_media":0,"parent":0,"menu_order":0,"comment_status":"closed","ping_status":"closed","template":"elementor_header_footer","meta":{"footnotes":""},"class_list":["post-1925","page","type-page","status-publish","hentry","entry"],"_links":{"self":[{"href":"https:\/\/bazaochi.md\/index.php?rest_route=\/wp\/v2\/pages\/1925","targetHints":{"allow":["GET"]}}],"collection":[{"href":"https:\/\/bazaochi.md\/index.php?rest_route=\/wp\/v2\/pages"}],"about":[{"href":"https:\/\/bazaochi.md\/index.php?rest_route=\/wp\/v2\/types\/page"}],"author":[{"embeddable":true,"href":"https:\/\/bazaochi.md\/index.php?rest_route=\/wp\/v2\/users\/1"}],"replies":[{"embeddable":true,"href":"https:\/\/bazaochi.md\/index.php?rest_route=%2Fwp%2Fv2%2Fcomments&post=1925"}],"version-history":[{"count":62,"href":"https:\/\/bazaochi.md\/index.php?rest_route=\/wp\/v2\/pages\/1925\/revisions"}],"predecessor-version":[{"id":2663,"href":"https:\/\/bazaochi.md\/index.php?rest_route=\/wp\/v2\/pages\/1925\/revisions\/2663"}],"wp:attachment":[{"href":"https:\/\/bazaochi.md\/index.php?rest_route=%2Fwp%2Fv2%2Fmedia&parent=1925"}],"curies":[{"name":"wp","href":"https:\/\/api.w.org\/{rel}","templated":true}]}}